de 31435792?
True
Is 53212339 a multiple of 8?
False
Is 72095470 a multiple of 561?
False
Is 143203986 a multiple of 159?
True
Is 17 a factor of 10501529?
True
Is 325701441 a multiple of 13?
True
Is 489 a factor of 77044884?
True
Is 164122200 a multiple of 594?
True
Is 1384 a factor of 130803224?
True
Does 2463 divide 30395253?
False
Does 454 divide 226448358?
False
Is 313 a factor of 21666799?
True
Is 487 a factor of 811324337?
False
Is 137 a factor of 14879433?
True
Is 85 a factor of 1498411620?
True
Is 447 a factor of 14661050?
False
Is 141315360 a multiple of 930?
True
Is 16 a factor of 15854810?
False
Does 1057 divide 4301766973?
True
Is 19685663 a multiple of 528?
False
Is 72535295 a multiple of 7?
True
Is 220577203 a multiple of 425?
False
Is 456 a factor of 16186632?
True
Is 74 a factor of 5882592507?
False
Is 836 a factor of 1076514692?
True
Is 1428052785 a multiple of 12767?
True
Is 148974836 a multiple of 100?
False
Is 58631569 a multiple of 1036?
False
Is 2436807 a multiple of 3?
True
Does 14 divide 93290346?
False
Does 304 divide 79492766?
False
Is 2472 a factor of 2069635368?
False
Is 151 a factor of 4062486984?
False
Is 612563508 a multiple of 2?
True
Does 448 divide 1929993856?
True
Does 21 divide 116790744?
True
Is 4 a factor of 1900672?
True
Does 71 divide 1798327831?
True
Is 719754420 a multiple of 2905?
True
Does 434 divide 249209962?
False
Is 28214077 a multiple of 23?
True
Is 23271126 a multiple of 424?
False
Does 21 divide 2142424230?
False
Is 2 a factor of 333558896?
True
Is 45909543 a multiple of 789?
True
Does 17 divide 65413603?
True
Does 13 divide 137569238?
False
Is 16 a factor of 327625615?
False
Is 21 a factor of 361158?
True
Is 26 a factor of 1014820716?
True
Is 268865252 a multiple of 50?
False
Is 25245420 a multiple of 6?
True
Does 202 divide 91497306?
False
Is 517 a factor of 406396927?
False
Does 21 divide 794447374?
False
Does 18 divide 65026182?
False
Is 241360500 a multiple of 1474?
False
Does 1460 divide 241130680?
True
Is 1433 a factor of 1149809107?
True
Is 2729 a factor of 164717022?
False
Is 46 a factor of 5004947799?
False
Does 43 divide 264063731?
True
Does 8 divide 87985318?
False
Is 126153801 a multiple of 9?
True
Is 13 a factor of 92287988?
True
Is 396681546 a multiple of 29?
True
Does 6 divide 355103443?
False
Is 253503098 a multiple of 2020?
False
Is 159 a factor of 10952811?
False
Is 373 a factor of 50907040?
True
Is 2082 a factor of 40406808?
False
Does 87 divide 467824578?
True
Is 20 a factor of 1313382440?
True
Is 21 a factor of 60259290?
True
Does 1910 divide 3105106?
False
Does 48 divide 1368919286?
False
Does 5 divide 201196337?
False
Is 13 a factor of 5020039?
False
Is 21017164 a multiple of 49?
False
Is 43 a factor of 49841599?
False
Is 57957680 a multiple of 5?
True
Is 143965848 a multiple of 536?
True
Does 50 divide 54422650?
True
Is 28440873 a multiple of 314?
False
Does 212 divide 1062757060?
True
Is 35240144 a multiple of 613?
True
Is 31 a factor of 1560331246?
True
Does 3 divide 10712529?
True
Does 3 divide 6152850?
True
Does 7551 divide 1234327895?
False
Does 183 divide 23702124?
False
Is 589030 a multiple of 44?
False
Does 36 divide 5561000?
False
Is 608539453 a multiple of 33?
False
Is 363886215 a multiple of 465?
True
Does 10 divide 16279783?
False
Does 23 divide 344397394?
False
Is 10947 a factor of 801654562?
False
Does 2279 divide 193202503?
False
Is 4700178 a multiple of 657?
True
Is 1511 a factor of 5344038145?
False
Is 38387835 a multiple of 173?
True
Is 60 a factor of 354367320?
True
Is 73 a factor of 11494507?
True
Is 1989029856 a multiple of 16?
True
Does 44 divide 527091136?
True
Is 438 a factor of 66123984?
True
Is 503286833 a multiple of 5089?
True
Does 39 divide 41924529?
False
Is 323633961 a multiple of 1701?
True
Does 174 divide 803798568?
True
Is 6 a factor of 758147004?
True
Does 487 divide 22133783?
False
Does 338 divide 254962188?
True
Is 3778630 a multiple of 3?
False
Is 4 a factor of 316220746?
False
Is 5 a factor of 7560070?
True
Does 85 divide 1109941900?
True
Does 16 divide 21667202?
False
Is 1877769135 a multiple of 33?
True
Is 10 a factor of 4061850?
True
Does 991 divide 444058181?
True
Is 369 a factor of 31886028?
True
Does 11 divide 224064974?
False
Does 3 divide 123021047?
False
Is 7124068950 a multiple of 75?
True
Is 68468409 a multiple of 422?
False
Is 7 a factor of 75567653?
True
Is 141219625 a multiple of 69?
False
Does 670 divide 2561410?
True
Is 757 a factor of 94984710?
False
Is 4235939 a multiple of 24?
False
Is 210 a factor of 259931691?
False
Does 12 divide 30859204?
False
Is 2874000 a multiple of 15?
True
Is 21161720 a multiple of 20?
True
Is 20 a factor of 138451080?
True
Is 478914900 a multiple of 368?
False
Is 20 a factor of 2270732?
False
Does 699 divide 141612507?
True
Is 266373272 a multiple of 968?
True
Is 32539904 a multiple of 106?
False
Is 6852741 a multiple of 602?
False
Is 106810454 a multiple of 151?
True
Is 20 a factor of 149555360?
True
Does 589 divide 3099378667?
True
Is 1428421 a multiple of 23?
False
Is 57457450 a multiple of 575?
True
Is 486263523 a multiple of 329?
False
Does 5532 divide 3282622416?
True
Does 26 divide 682579813?
False
Does 1056 divide 83865867?
False
Is 112151204 a multiple of 8?
False
Is 6695596 a multiple of 212?
True
Is 5136775693 a multiple of 470?
False
Does 2734 divide 32315880?
True
Is 798675472 a multiple of 503?
True
Is 800 a factor of 8364800?
True
Is 32671103 a multiple of 406?
False
Does 2923 divide 203581104?
True
Is 1792 a factor of 19927040?
True
Does 1129 divide 40176797?
False
Is 4488862 a multiple of 31?
True
Is 358 a factor of 371649772?
False
Is 12 a factor of 363614115?
False
Does 86 divide 60056636?
False
Does 625 divide 39957966?
False
Does 28 divide 8767667?
False
Is 4214 a factor of 1862711688?
False
Is 30 a factor of 31636800?
True
Is 80394062 a multiple of 322?
True
Does 49 divide 4158630?
True
Is 5617433 a multiple of 32?
False
Is 2101 a factor of 7744286?
True
Is 192854460 a multiple of 710?
True
Is 168162552 a multiple of 8?
True
Does 226 divide 157034518?
True
Is 26 a factor of 5203541?
False
Is 20 a factor of 44304300?
True
Is 25 a factor of 44461150?
True
Does 21 divide 207196836?
True
Is 1021 a factor of 326872129?
True
Is 683166704 a multiple of 11?
True
Is 1256812992 a multiple of 72?
True
Is 12651310 even?
True
Is 11 a factor of 136115043?
False
Is 55505745 a multiple of 19?
True
Does 726 divide 18419307?
False
Does 134 divide 599316277?
False
Is 26240760 a multiple of 63?
True
Is 660 a factor of 3101440320?
True
Does 369 divide 531488781?
True
Is 322 a factor of 201721086?
True
Does 2 divide 931699?
False
Is 1267 a factor of 58371957?
True
Does 74 divide 36293522?
True
Is 83481288 a multiple of 1938?
True
Is 734 a factor of 172482660?
True
Is 244 a factor of 1976881786?
False
Is 22 a factor of 3858481?
False
Does 12 divide 130785011?
False
Is 18721036 a multiple of 1238?
True
Is 213 a factor of 568679541?
True
Does 7160 divide 4472393215?
False
Does 44 divide 358638428?
False
Does 23 divide 83517233?
False
Does 18 divide 44269920?
True
Is 50994058 a multiple of 16?
False
Does 1174 divide 4300460616?
True
Is 34 a factor of 78448991?
False
Is 9 a factor of 83356173?
True
Is 437357170 a multiple of 4053?
False
Is 71083608 a multiple of 204?
False
Is 199366256 a multiple of 16?
True
Is 36728160 a multiple of 16?
True
Does 3366 divide 249972624?
True
Is 6 a factor of 329463294?
True
Is 809 a factor of 20182123?
True
Is 10 a factor of 810834?
False
Is 1737 a factor of 462794196?
False
Does 22 divide 5649606?
False
Does 50 divide 25771605?
False
Does 82 divide 4015513432?
True
Does 14 divide 7476644?
True
Is 868020840 a multiple of 123?
True
Is 273158907 a multiple of 58?
False
Does 96 divide 650869422?
False
Is 62 a factor of 106280401?
False
Is 67767231 a multiple of 70?
False
Is 317 a factor of 480028662?
True
Does 34 divide 36093210?
True
Is 428 a factor of 6226315868?
False
Does 211 divide 39269329?
False
Is 112 a factor of 1743182544?
False
Does 7 divide 24301200?
True
Is 83129113 a multiple of 2143?
True
Is 315203 a multiple of 37?
True
Does 727 divide 5667692?
True
Is 3 a factor of 48358955?
False
Does 284 divide 10935988?
True
Does 502 divide 80399097?
F